s -402 + 4?
-387
In base 8, what is 202 - -1?
203
In base 6, what is -2 - 102?
-104
In base 9, what is 155 - -3?
158
In base 5, what is 1 + 12?
13
In base 4, what is -1001 + 11?
-330
In base 11, what is 5 - 545?
-540
In base 8, what is 113 - 5?
106
In base 9, what is 157 + 2?
160
In base 4, what is 10 - -3?
13
In base 13, what is 846 - -6?
84c
In base 6, what is -2 + 210?
204
In base 2, what is 11 - 11000?
-10101
In base 2, what is -11100001 + 1?
-11100000
In base 13, what is 11 - -42?
53
In base 3, what is -100221 + -1111?
-102102
In base 4, what is 3 - 3131?
-3122
In base 8, what is -45 - -2?
-43
In base 5, what is 1 - -240?
241
In base 9, what is 147 + 11?
158
In base 11, what is 1184 + -1?
1183
In base 15, what is ad + 6?
b4
In base 13, what is 352 - 9?
346
In base 5, what is 3 + 210?
213
In base 12, what is 5 + 114?
119
In base 8, what is 2 - 12676?
-12674
In base 5, what is 1233 + -141?
1042
In base 15, what is -2e + -1?
-30
In base 5, what is -10 + -24113?
-24123
In base 3, what is -1022222 + 10?
-1022212
In base 7, what is 31 + 10?
41
In base 9, what is -127 - -4?
-123
In base 15, what is a - -1d?
28
In base 10, what is 732 - 4?
728
In base 16, what is -a + c?
2
In base 7, what is 0 - -246?
246
In base 4, what is 3 - 120?
-111
In base 8, what is 356 + 1?
357
In base 11, what is 3 - -50?
53
In base 10, what is 766 - 4?
762
In base 8, what is 30375 - -5?
30402
In base 8, what is 0 - 253?
-253
In base 6, what is 41 - -15?
100
In base 16, what is -b3 - -3?
-b0
In base 16, what is -21 - 0?
-21
In base 14, what is d - d?
0
In base 14, what is 587 - 5?
582
In base 13, what is 4 + 12?
16
In base 13, what is -15 + 1a?
5
In base 11, what is -11a76 - 4?
-11a7a
In base 15, what is -1b + a7?
8b
In base 10, what is -1209 + 1?
-1208
In base 4, what is 22211 - -22?
22233
In base 11, what is 225 + -30?
1a5
In base 3, what is 11 + -220?
-202
In base 10, what is -3 - 120?
-123
In base 15, what is e + -101?
-e2
In base 5, what is 1141 - -1?
1142
In base 6, what is 54222 + -1?
54221
In base 10, what is -6 + 13?
7
In base 13, what is 7 + -c1?
-b7
In base 15, what is -1 + -2c1?
-2c2
In base 16, what is 64d - 8?
645
In base 13, what is 4 - -487?
48b
In base 10, what is -71 + -14?
-85
In base 2, what is 11100100101001 + 100?
11100100101101
In base 12, what is -4 + 544?
540
In base 14, what is -4 + -83?
-87
In base 12, what is -b + -902?
-911
In base 15, what is a + -3a?
-30
In base 4, what is -1311333 - 0?
-1311333
In base 12, what is 7a7 - 5?
7a2
In base 10, what is -3 - 1053?
-1056
In base 13, what is -3 + -b?
-11
In base 5, what is -1210 - 0?
-1210
In base 8, what is 4 + -237?
-233
In base 3, what is -11 - 1100122?
-1100210
In base 6, what is 1 - 200?
-155
In base 13, what is 1c4 + -35?
18c
In base 9, what is 15 - -322?
337
In base 15, what is -c2 + d?
-b4
In base 9, what is 17 - 10?
7
In base 5, what is 4222 - 2?
4220
In base 12, what is -16 - b?
-25
In base 8, what is -17 + -2?
-21
In base 3, what is 2 + -1122212?
-1122210
In base 11, what is -19 - -5?
-14
In base 5, what is 2 - 124?
-122
In base 5, what is -1422 - -4?
-1413
In base 16, what is -19ab - 0?
-19ab
In base 14, what is -4 - 47?
-4b
In base 11, what is -73 - -11?
-62
In base 6, what is 1443 - 3?
1440
In base 8, what is 0 + 50?
50
In base 4, what is 32022 - -1?
32023
In base 13, what is -4 + -129?
-130
In base 16, what is -29 + 15?
-14
In base 4, what is 2 - 12303?
-12301
In base 3, what is 11 - 2202200?
-2202112
In base 15, what is -a - 45?
-50
In base 13, what is a8 - -2?
aa
In base 6, what is -5 - 11?
-20
In base 13, what is -16 - -25?
c
In base 11, what is -24 + -6?
-2a
In base 15, what is -84 + -10?
-94
In base 2, what is 10100010111 - -100?
10100011011
In base 8, what is -5 - -462?
455
In base 12, what is -86 - 4?
-8a
In base 12, what is 18 + 345?
361
In base 4, what is -10 - -11002?
10332
In base 12, what is -1681 - 2?
-1683
In base 10, what is -78 - -2?
-76
In base 3, what is -1002002 + -1021?
-1010100
In base 11, what is -a + 2?
-8
In base 15, what is 112 + 3?
115
In base 5, what is -21 + 23?
2
In base 16, what is 0 + 228?
228
In base 11, what is -83 + -5?
-88
In base 13, what is 1b + 54?
72
In base 12, what is -4 + 41?
39
In base 8, what is 730 + 2?
732
In base 11, what is -131a - -6?
-1314
In base 4, what is -1031 + 3?
-1022
In base 14, what is 1 - 9?
-8
In base 2, what is 10 + -10011011?
-10011001
In base 6, what is 5 - -2504?
2513
In base 3, what is 2 + -2?
0
In base 14, what is 2 + -14a?
-148
In base 9, what is 68 - 14?
54
In base 14, what is 0 - -18?
18
In base 16, what is -3 - -14f?
14c
In base 10, what is -551 - 3?
-554
In base 16, what is -cb0c - -2?
-cb0a
In base 4, what is 0 + 102321?
102321
In base 9, what is 3 + 10?
13
In base 15, what is -b8 + -8?
-c1
In base 9, what is -4278 + -1?
-4280
In base 4, what is -10 + -1213?
-1223
In base 8, what is -7733 + 4?
-7727
In base 6, what is 534 + -4?
530
In base 15, what is -8d - -44?
-49
In base 16, what is 4 - -4c9?
4cd
In base 13, what is -5 - -a60?
a58
In base 12, what is -58 + -7?
-63
In base 4, what is 11 - 11131?
-11120
In base 12, what is -783 - 5?
-788
In base 14, what is 4 + -19?
-15
In base 16, what is 2 - 2711?
-270f
In base 7, what is -2 - 116?
-121
In base 6, what is 545 + -4?
541
In base 4, what is -1 + -313?
-320
In base 9, what is -164 - -1?
-163
In base 8, what is -11 - 1?
-12
In base 8, what is 15 - 51?
-34
In base 3, what is -200 + 122?
-1
In base 6, what is 24 + -334?
-310
In base 14, what is 6 + -2a?
-24
In base 13, what is 0 + a04?
a04
In base 14, what is ba - 118?
-3c
In base 9, what is -40 + -5?
-45
In base 7, what is 2665 - -5?
3003
In base 2, what is 100 + 10000?
10100
In base 4, what is 11 + -2023?
-2012
In base 15, what is -33 - -14?
-1e
In base 16, what is 553 - 4?
54f
In base 8, what is 1724 - 0?
1724
In base 2, what is 101010011000 + 101?
101010011101
In base 15, what is -4a7d - 3?
-4a81
In base 5, what is 24 - 221?
-142
In base 6, what is 2414 + 0?
2414
In base 3, what is 1001 - -10?
1011
In base 13, what is 2 + 6?
8
In base 10, what is 240 + -2?
238
In base 14, what is -3 + 67?
64
In base 9, what is 15 - -18?
34
In base 14, what is -35 + a1?
6a
In base 7, what is 44 - 1433?
-1356
In base 12, what is 3 - 144?
-141
In base 4, what is -32130 + 0?
-32130
In base 2, what is 1011 + -101001?
-11110
In base 4, what is 10 + -22203?
-22133
In base 7, what is 54 + -315?
-231
In base 8, what is 20 + -17?
1
In base 15, what is -6c9 - -2?
-6c7
In base 8, what is 5 - -5060?
5065
In base 14, what is 3 + -461?
-45c
In base 10, what is 0 + -43?
-43
In base 10, what is -3 - -26?
23
In base 3, what is 102012 + 2?
102021
In base 4, what is 11210 - -1?
11211
In base 7, what is -2 - 156?
-161
In base 11, what is -a + 467?
458
In base 10, what is -195 - 4?
-199
In base 6, what is 15013 + 5?
15022
In base 6, what is -5 + 1405?
1400
In base 15, what is -66 - -2?
-64
In base 6, what is 1424 - 4?
1420
In base 16, what is -ef - -5?
-ea
In base 13, what is 0 - 13?
-13
In base 12, what is -23 - -97?
74
In base 8, what is -4465 - -15?
-4450
In base 6, what is -1051 - 1?
-1052
In base 9, what is -4 - 0?
-4
In base 4, what is 0 - -30?
30
In base 6, what is -1 + 304?
303
In base 14, what is -45 + -4?
-49
In base 2, what is 11110 - 0?
11110
In base 8, what is 215 - -3?
220
In base 10, what is -11 - -48?
37
In base 6, what is -210 + -245?
-455
In base 9, what is 13 - -3?
16
In base 2, what is 0 + -100100000?
-100100000
In base 8, what is 0 - 637?
-637
In base 6, what is 0 + 543?
543
In base 7, what is -1 - -6252?
6251
In base 7, what is 5 + 3203?
3211
In base 3, what is -11000 + -10?
-11010
In base 11, what is 728 + 1?
729
In base 2, what is 1010100010100 + 10?
1010100010110
In base 11, what is -9aa + 4?
-9a6
In base 3, what is 100 + 11100220?
11101020
In base 3, what is 1 - -1110?
1111
In base 6, what is 142 + -311?
-125
In base 12, what is -4 - 637?
-63b
In base 3, what is -1200021 + 0?
-1200021
In base 16, what is -1b + 61?
46
In base 7, what is -1261 - 23?
-1314
In base 7, what is -1 - 5030?
-5031
In base 11, what is 3 - 871?
-869
In base 11, what is 3 + 16a?
172
In base 6, what is -11 - 22?
-33
In base 15, what is -1a7 + -3?
-1aa
In base 2, what is -1101 - 10001110101?
-10010000010
In base 5, what is 24 + -204?
-130
In base 5, 